- (8 - 13)?
11
What is (0 - (2 + 4)) + (-6 - (-7 + 12))?
-17
Evaluate -7 - (3 + -2 + (-1 - -3)).
-10
Evaluate -23 + 8 + -32 + 22.
-25
What is (5 - 7) + -6 + (18 - -1)?
11
What is the value of 27 + 2 + -51 + (7 - (0 + 0))?
-15
What is 8 - (2 + -9 + -4 + 14)?
5
(6 - (49 + -27)) + 42
26
What is the value of -63 + (3 + -27 - -63)?
-24
What is (-5 - -5) + 20 - 14?
6
(-77 - -73) + (-2 - 0 - -17) - 0
11
What is (8 - (1 + -2 + (0 - 7))) + 4?
20
Calculate -18 - -7 - (-8 + (1 - 7 - 3)).
6
What is -7 - (-6 + -6 + 9) - 6?
-10
Calculate -5 - ((-1 - -4) + 1 - (-1 + 4)).
-6
What is 12 + 7 + -1 + -1 + 0?
17
Evaluate 8 - 44 - -36 - (0 + -3).
3
Calculate -36 + (-14 - -13) + 34.
-3
What is the value of 1 - (4 + -11) - (-80 + 65)?
23
What is (4 - -15) + (51 - 41)?
29
Evaluate 34 - (63 - 37 - 14).
22
What is 10 + -11 - (6 + (-7 - -4 - -1))?
-5
What is the value of -2 - -2 - (5 - -1) - (-2 + 4)?
-8
What is 3 - (-44 - (42 - 75))?
14
What is 21 + 6 - (9 - -6)?
12
Evaluate (32 - 3) + 35 + -35.
29
What is (32 - 7) + (-52 - -7)?
-20
What is 18 + 15 + -42 - (-2 + 2 + -2)?
-7
-3 - (12 + -22 + 10) - -7
4
What is the value of -13 + 12 + -3 + 11?
7
Calculate (6 - 4) + -5 + 1 + 6 + -6.
-2
What is the value of 26 + 0 + -95 + 49?
-20
What is -6 + 12 + -7 - (-1 + 0)?
0
Evaluate 6 - (-2 + -9 + (-4 - -6)).
15
What is (-29 + -4 - -10 - -12) + 6?
-5
What is -1 - -6 - (8 + -7 + 0 + 26)?
-22
Evaluate (-9 - -3) + 14 - ((-3 - -27) + -2).
-14
21 - (3 + (-5 - -12) + -3)
14
-18 - -40 - (58 + -39)
3
Evaluate 3 - (11 - (14 + 5)).
11
What is (-9 - (-1 - 2)) + 10?
4
What is -20 - (-41 - -23 - -13)?
-15
6 + (-6 + (3 + 2 - -1) - -7)
13
What is -35 + 19 + (22 - 21) + -1 + -9?
-25
Evaluate (-7 - 0) + (-18 - -5) + 8.
-12
Calculate 7 - (-3 - -10) - (-2 + 9).
-7
Calculate 3 - (2 + -1 + -11 + 8).
5
Calculate -6 - (35 + -23) - 8.
-26
What is (105 + -37 - 41) + -34?
-7
What is -6 + 31 + -26 + 28?
27
What is the value of -1 - 4 - (-6 - 7 - -16) - -22?
14
What is 1 - (3 - -1) - (5 - 6 - -11)?
-13
What is the value of (14 + -26 + 8 - 14) + -2?
-20
-12 + 4 + (-6 + 10 - -6)
2
0 + 16 + -26 + 16
6
Evaluate -11 - (-3 - -20) - (-8 - -1).
-21
What is 1 + 18 + -18 + (0 - -9)?
10
Evaluate -27 + (-29 - (-62 - -32)).
-26
Evaluate (13 - (-3 + 7 + 0 - -1)) + 6.
14
What is -5 + 1 + (-16 - -9) + 11 + 1?
1
Evaluate -8 + (15 - 5) + -8 - 8.
-14
What is 25 - (-5 + (13 + -2 - (17 - 15)))?
21
4 + -2 + (-1 - 0) - (-9 - 2)
12
Evaluate 187 + -174 - (14 + 1).
-2
Calculate 30 - (61 + 26 + -60).
3
Calculate 8 - (4 + 14) - (11 + -10) - 4.
-15
What is the value of 5 + -18 - -30 - (0 + 10)?
7
What is the value of -4 - (-1 + -3 + -24 + 27 + 2)?
-5
What is the value of 25 - (2 - -2) - (21 - 41 - -22)?
19
Evaluate -10 - (13 - -10) - -17.
-16
Evaluate -1 - 4 - (61 + -27 + -33).
-6
What is the value of -1 + (12 + -42 - -2) + 14?
-15
What is the value of -1 - ((1 - -5) + -2)?
-5
-6 - (4 + 3 + -2 + -32 + 26)
-5
What is the value of -7 + (58 - 54 - (-2 - 0)) + -10?
-11
Evaluate -5 - (0 - (-10 + 2 + -4 + 6)).
-11
21 - (16 - (7 - (4 + -2)))
10
What is the value of 0 - -9 - (7 + -21 + (58 - 19))?
-16
Evaluate (85 - 3) + -29 - 33.
20
Evaluate -3 + -21 - (-8 + (-14 - -13)).
-15
What is the value of 36 - 34 - (-1 - (-1 + -9)) - 5?
-12
-18 + -1 + -1 - (10 + 1 - 15)
-16
Calculate -15 + -13 + 27 + (-3 - 6).
-10
What is the value of 5 + (0 + 6 - (-31 + 33))?
9
Calculate -23 + 27 - (5 + 13) - -29.
15
-6 + -3 + 3 + 13
7
Evaluate -12 + (8 - 1) - -3 - 6.
-8
Calculate 1 - (-16 + 26 + -5 + 1).
-5
Calculate -8 + 2 + 7 + (-12 - 0).
-11
Evaluate 2 + -4 + 1 - (-21 + 0 + 9).
11
What is the value of 11 + 0 + -40 + 23 + 27?
21
(0 - 1) + 1 - (12 - 38 - -23)
3
What is -7 + 1 - (-14 - -20 - (1 - -24))?
13
What is the value of -11 - (10 + -10 + -2)?
-9
Calculate -8 + 18 + -1 + -19.
-10
Evaluate 11 - 5 - (-32 + 45).
-7
Calculate (-24 + 59 - 50) + (16 - 3).
-2
What is the value of (-31 + 7 - -14) + -24?
-34
Calculate 9 + 12 + -8 + -28 - -17.
2
What is the value of 2 + 2 - 1 - (-116 + 122)?
-3
What is -8 + (-9 + 8 - -18)?
9
-19 + 19 + 21 + -24
-3
What is the value of (-9 - -3) + 6 - (-4 + 28)?
-24
(-7 - (-2 + -5 + -12)) + 9 + -10
11
What is -3 + -12 - (-37 + 24)?
-2
Evaluate 3 + 5 + (2 - (7 + -10)).
13
Evaluate -20 + -8 + (7 - 4) + 0 + 10.
-15
What is (0 + (2 - 2) - (160 + -164)) + -5?
-1
What is the value of -27 + (-12 + 5 - -5 - -12)?
-17
-10 - (0 - (0 + -9 - (-22 - -21)))
-18
Calculate -44 - -36 - (-2 + 10) - -7.
-9
-11 + 1 - (-30 + -9 + 15)
14
-14 - (-4 + (3 - -6 - -2 - 8))
-13
Calculate -3 - (-12 + 11 + 1 + -2 + 4).
-5
What is the value of 21 + (3 + (-14 - -1) - -3)?
14
Evaluate -2 - (6 + -4 + -2 + 5 + -1).
-6
What is -38 - (16 - (-7 + 35))?
-26
What is -29 + -13 + 8 + 3 + 12?
-19
What is the value of -6 + 9 + (0 - (6 + 8)) - 2?
-13
14 + -7 + -4 + -7 + 4 + 10
10
What is 16 + 2 + (-35 - 17 - 4)?
-38
Evaluate (-3 - -7) + (18 - 4) + -2.
16
What is the value of -13 + (-7 - -1 - (20 + -30))?
-9
Evaluate -7 - (-14 + 3) - 10.
-6
Calculate (2 + -18 - -28 - 20) + 5.
-3
Calculate 8 + (-77 - -85 - (10 - -1)).
5
What is 2 + (32 - (-11 - -77))?
-32
-9 - (-27 + 12) - -1 - -8
15
What is (2 - 20) + (19 + -27 - -2)?
-24
Evaluate 1207 + -1216 + (-1 - -6).
-4
What is 2 + -10 + (12 - (9 - 7))?
2
Calculate -10 + (5 - 4) + (9 - 11).
-11
-50 - (-2 - 37) - (-6 - 0)
-5
Evaluate 5 + -17 + (31 - 29).
-10
Calculate 6 + (3 - -3) + 18.
30
46 - (-26 + (26 - -32))
14
Calculate -8 + 49 + -56 + 2 + 4.
-9
Evaluate (66 - 64) + 0 + 2.
4
(-2 - 6) + (-3 - 0)
-11
5 + (5 - (3 - 10)) + 1 - 8
10
-8 + 0 + 4 + -4 + 46 + -57
-19
Evaluate (3 - -11) + -7 + 13.
20
Calculate (-8 + -6 - -4) + 2 + (-13 - 1).
-22
What is -9 - ((2 - (25 + -1)) + (468 - 460))?
5
-2 - -4 - ((-9 - (-4 + 4)) + 6)
5
What is the value of -5 + (-11 - -7 - (-7 - -1))?
-3
Evaluate 1 - -11 - (4 - (24 + -19)).
13
Evaluate (-5 - (-5 - 4)) + -5 - 3.
-4
What is the value of 3 - (36 + -3) - -15?
-15
Evaluate 0 + (-21 - 7) + 18.
-10
-6 + (0 - -1 - (-16 - -13)) - 4
-6
What is 5 + -4 + 22 + (-65 - -71)?
29
What is the value of (23 - 63 - -39) + (1 + -2 - -9)?
7
What is 1 + 4 + 4 + 1 - (-6 - -5)?
11
Evaluate -9 - ((-6 - ((-3 - 3) + 0)) + -1).
-8
Evaluate 1 + 21 + -1 - (34 + -63 + 34).
16
Evaluate (13 - 10) + -9 - -4.
-2
What is -96 + 125 - (4 - -6)?
19
Evaluate (-2 - 8) + (-22 - -41) + -3.
6
What is the value of -1 + -9 + (8 - (-7 + 3 - -18))?
-16
Evaluate (-16 - -50) + -14 + -10.
10
Calculate 255 - 267 - (1 - 24).
11
What is -1 + (9 - (-13 - -18))?
3
What is 11 + -19 + 0 + 6?
-2
Evaluate (4 - (-23 - (6 + 0))) + 19 + -26.
26
7 + -1 - (34 - (-10 - -15))
-23
What is the value of -26 + (-12 - -65) + 1?
28
What is 3 + (-46 + 32 - -10)?
-1
(-7 - -14) + (-3 + 7 + -9 - -12)
14
Evaluate 1 + -11 - (11 + -16 + -1) - -3.
-1
What is the value of 20 - 5 - ((0 - -2) + -2) - -6?
21
Evaluate 21 - -1 - ((-5 - -8) + -2 + 2).
19
Evaluate -7 + 10 + 29 + -12.
20
What is (-23 - -12) + -3 - -24?
10
Evaluate -3 + 8 + (-12 - (0 + -1)) + 11.
5
25 + 16 + -7 + -27
7
What is the value of -26 + (14 - (7 + (-1 - -4)))?
-22
Calculate -4 + (-4 - -5) + (9 - -6).
12
What is the value of (-28 + 8 - -1) + 13?
-6
What is -31 + 38 + (2 - 1) - -9?
17
8 - 27 - -55 - 64
-28
What is the value of -40 + 9 + 15 - -8?
-8
Evaluate 9 + -3 + (-36 - -62 - 28).
4
What is the value of -4 - (19 + -11) - -15?
3
-1 - -3 - (3 + (-1 - 0) - 5)
5
Evaluate (-24 - (-40 + 23)) + 8.
1
What is 0 - (4 + 0 - (13 - (20 + -15)))?
4
Calculate (4 - (9 + -8)) + (-4 - -4).
3
Evaluate (272 - 288) + -1 + -3.
-20
Calculate 6 + -22 - -4 - (-2 + -3 + -1).
-6
What is (1 - -12) + -6 + -6 + -4?
-3
24 - (7 + -5) - 15
7
What is the value of 7 + -1 + (-14 - (-1 + 4)) - -7?
-4
What is the value of -10 - ((-1 - -12) + (12 + -17 - 1))?
-15
What is the value of 3 + -7 - (-7 + -4)?
7
Evaluate 8 + -2 + -4 - -4.
6
Evaluate 2 + (-1 - (-11 - -24)).
-12
Evaluate 4 - 0 - (-23 + -10 + (-1 - -26)).
12
What is the value of -6 + (-13 - (17 - 31)) + 12?
7
What is -3 + (-8 - (5 + -6)) + 45 + -4?
31
What is the value of -2 + 9 + -14 + 1?
-6
Calculate 4 + (-12 - -7) - (-9 - -12).
-4
-16 + 5 + (-18 - -25)
-4
-2 + 1 - (-34 + 74 + -31)
-10
Calculate -13 + 15 + (7 - (4 - 2)) + -4.
3
What is (-18 + -3 - -8) + (-12 - -16)?
-9
-10 - ((-1 - 12) + 2)
1
What is -8 - (0 + -19 + 4)?
7
Evaluate 1 + 3 - 15 - (-6 - 0) - 0.
-5
Evaluate -16 - (3 + (-8 - 40)).
29
15 + (